base 2, what is 1111100 - -110111110011000001?
110111110100111101
In base 16, what is -c8 - ae19b?
-ae263
In base 6, what is 1510445 + -2111?
1504334
In base 8, what is 775362413 + -1?
775362412
In base 3, what is 11 + 1000022010010121?
1000022010010202
In base 2, what is 11 - 1011100110101000101000110?
-1011100110101000101000011
In base 11, what is 179 + -5867?
-5699
In base 16, what is 102c - -111?
113d
In base 6, what is 1453 - -23522323?
23524220
In base 9, what is -2827138 - 10?
-2827148
In base 15, what is 4d - 39ce18?
-39cdba
In base 4, what is 1031321132 + 12?
1031321210
In base 5, what is -2042333312 + 42?
-2042333220
In base 4, what is -23101330302 + -13?
-23101330321
In base 16, what is -1a451040 - 1?
-1a451041
In base 6, what is 2035550035 + -20?
2035550015
In base 9, what is 5 + 10720313?
10720318
In base 10, what is 1295835 + -1?
1295834
In base 4, what is 12102123023 - -22?
12102123111
In base 6, what is -425 - -350543?
350114
In base 11, what is -14 - -789a87?
789a73
In base 3, what is -12020212012001 + -11101?
-12020212100102
In base 3, what is 10 + 100102201001222?
100102201002002
In base 16, what is 0 - 73567?
-73567
In base 13, what is -8aa140 + 2?
-8aa13b
In base 8, what is 4054540 + -7?
4054531
In base 7, what is 13123234 + 0?
13123234
In base 7, what is 2616 + -33325?
-30406
In base 11, what is -21408795 - 6?
-214087a0
In base 4, what is -3033121310200 - 0?
-3033121310200
In base 9, what is -157133 - 1028?
-158162
In base 10, what is 67090928 + 5?
67090933
In base 15, what is 156db + -12be?
1441c
In base 12, what is -3a0 - 39b9b5?
-3a0195
In base 6, what is 1411202320 - -5?
1411202325
In base 8, what is 4 - 75473217?
-75473213
In base 14, what is 4b932 + 61?
4b993
In base 6, what is 3244035031 + -3?
3244035024
In base 16, what is -4 + -5444a5?
-5444a9
In base 2, what is -101001001101110000100 - -1?
-101001001101110000011
In base 7, what is -1 - -153355651?
153355650
In base 13, what is -1163833 - 4?
-1163837
In base 12, what is 359b + -1034?
2567
In base 14, what is 24 + 30079c?
3007c2
In base 16, what is -9c7ff3 - 2e?
-9c8021
In base 2, what is -10001000011101101000001010 - -10?
-10001000011101101000001000
In base 9, what is -2812100 + -7?
-2812107
In base 7, what is -11435 - 4514?
-16252
In base 12, what is 52052389 + 4?
52052391
In base 13, what is 1761 + -1747?
17
In base 10, what is -11 + 8442979?
8442968
In base 15, what is -244e2 + 1d4?
-2430d
In base 14, what is 3 + -209021?
-20901c
In base 15, what is -14a - -5c034?
5bdd9
In base 12, what is 4 + 1b450066?
1b45006a
In base 4, what is -11032030 + -10202?
-11102232
In base 3, what is -2210220202221110120 + 1?
-2210220202221110112
In base 5, what is -12400133133 - 2?
-12400133140
In base 3, what is 122001011 + 101022121?
1000100202
In base 12, what is 7699 - -2009?
96a6
In base 10, what is 5260 + 39463?
44723
In base 8, what is 5 + -20313424?
-20313417
In base 5, what is 12420 + 1444234?
2012204
In base 7, what is 1442216 - 1512?
1440404
In base 2, what is -100 - -1100011001110011000000011101?
1100011001110011000000011001
In base 12, what is -6867123 - -b?
-6867114
In base 4, what is 13213112322130 + -11?
13213112322113
In base 9, what is 15 + -40722603?
-40722577
In base 16, what is 18 + -18cd6?
-18cbe
In base 14, what is 17 + 2a440?
2a457
In base 6, what is -1 + -4513013?
-4513014
In base 13, what is 83b5 + -2c8?
80ba
In base 4, what is -1123221033 + -103332?
-1123331031
In base 12, what is 144487a8 - -5?
144487b1
In base 15, what is 32 + -e5185?
-e5153
In base 8, what is -6005 - -452534?
444527
In base 11, what is -4256 + -40117?
-44372
In base 6, what is 44333 - -212204?
300541
In base 8, what is -142166 - 3421?
-145607
In base 14, what is 6747 + -290?
6497
In base 2, what is -10011011101100011001001 + 110001?
-10011011101100010011000
In base 13, what is -24ba - -10b7?
-1403
In base 13, what is -208323 + 15?
-20830b
In base 2, what is -111110010100 + 110100100100?
-1001110000
In base 3, what is 2102022002 + -110002?
2101212000
In base 15, what is d + 44676?
44684
In base 13, what is 56c8 - -8b8?
62b3
In base 4, what is 20312 + -2013?
12233
In base 3, what is -1121211222 - -10211111?
-1111000111
In base 16, what is 1262b - -17e?
127a9
In base 2, what is -11000101011001110100 + -1110110?
-11000101011011101010
In base 5, what is -13123 + 12012401?
11444223
In base 11, what is 5 - 580740?
-580736
In base 9, what is 3563150833 - -5?
3563150838
In base 14, what is 72 + -17b5473?
-17b5401
In base 6, what is -100213113 + 52?
-100213021
In base 2, what is 10 + -100001110011010110111000010?
-100001110011010110111000000
In base 7, what is -2622553 + 1344?
-2621206
In base 4, what is 0 - 3220132233312?
-3220132233312
In base 10, what is -2 + 27318455?
27318453
In base 4, what is 3323320 - 233231?
3030023
In base 7, what is -3054 - 62454?
-65541
In base 7, what is -21205 + -51344?
-102552
In base 9, what is -4836743 + 3?
-4836740
In base 7, what is -10 + -3553553?
-3553563
In base 4, what is -333222301 - -211?
-333222030
In base 15, what is 0 + -5ee149?
-5ee149
In base 3, what is 2021202 - -2100211210?
2110010112
In base 13, what is 6aa1 - -22c7?
9098
In base 3, what is 10101202220200100 + -1?
10101202220200022
In base 3, what is 22120 - -11111010202?
11111110022
In base 4, what is -3003312 + -3322000?
-12331312
In base 7, what is 0 - -3301522435?
3301522435
In base 4, what is 1102 + 33332012212?
33332013320
In base 9, what is 486485 + -104?
486381
In base 16, what is -f090 + 224b?
-ce45
In base 8, what is 276524 + 10727?
307453
In base 11, what is -12 + a9a15a?
a9a148
In base 5, what is -21302314011 - 123?
-21302314134
In base 16, what is 2e890b - -1?
2e890c
In base 2, what is 11100100010010 + 101011111?
11101001110001
In base 8, what is -37 - 1560123?
-1560162
In base 15, what is 9c35 + 1a5?
9dda
In base 5, what is -2 - 30123341?
-30123343
In base 12, what is 1baa1 + -217?
1b886
In base 7, what is 2240534 - -1332?
2242166
In base 3, what is -2001 - -112110122200?
112110120122
In base 12, what is -1 - 5a647461?
-5a647462
In base 15, what is -3993191 + 5?
-399318b
In base 11, what is 87a6 - 30449?
-22753
In base 12, what is 6734a - -44b?
67799
In base 6, what is -10135 - 105200?
-115335
In base 5, what is 24112433 - -304?
24113242
In base 7, what is -1 + 530013352?
530013351
In base 10, what is 69 - 4366407?
-4366338
In base 16, what is 2 - 4209d0?
-4209ce
In base 11, what is 173923 + -10?
173913
In base 9, what is -21813 - -4576?
-16226
In base 8, what is -20751 + -237420?
-260371
In base 14, what is -2 + -3c3c77?
-3c3c79
In base 7, what is -133566205 - 5?
-133566213
In base 6, what is -15430 - 54500?
-114330
In base 15, what is -e5c2a + -e?
-e5c39
In base 15, what is 468610b - 2?
4686109
In base 16, what is d5 + -7089?
-6fb4
In base 13, what is b743cca + -8?
b743cc2
In base 4, what is 1 + -21001003203?
-21001003202
In base 8, what is -47 + 12006137?
12006070
In base 4, what is -30103 + -3220133102?
-3220223211
In base 10, what is 1110490 - 112?
1110378
In base 10, what is -39 - -1680288?
1680249
In base 6, what is 211 + -445314041?
-445313430
In base 7, what is 634565022 + 14?
634565036
In base 15, what is e4c44 - 40?
e4c04
In base 9, what is 11320822 - -2?
11320824
In base 15, what is -1955b - -1228?
-18333
In base 16, what is -3 + -f6453?
-f6456
In base 11, what is -17 + -374a62?
-374a79
In base 13, what is -5bb + 23b56?
23568
In base 10, what is 40865360 + -29?
40865331
In base 3, what is -2222211 + -10120002001?
-10200001212
In base 4, what is 101013321 - -2200?
101022121
In base 9, what is 26312085 + -4?
26312081
In base 16, what is 4 - -1fa4bc6?
1fa4bca
In base 15, what is -220a300 - 2?
-220a302
In base 4, what is 12 + 10322322322?
10322323000
In base 14, what is 14 + -11ba86?
-11ba72
In base 14, what is -b265 - 958?
-bbbd
In base 15, what is 4148 - 862?
37d6
In base 6, what is 53335 - 23?
53312
In base 5, what is -413323330 + 41?
-413323234
In base 3, what is -100110 + -202101202210?
-202102010020
In base 11, what is 5 - a84a64?
-a84a5a
In base 11, what is -622 - -11640?
11019
In base 3, what is -1211200101222210 + 121?
-1211200101222012
In base 13, what is -3 + 2792b75?
2792b72
In base 4, what is -33221 - 11131112?
-11230333
In base 9, what is 617002 + -8?
616